{"id":395,"date":"2020-02-28T18:11:21","date_gmt":"2020-02-28T17:11:21","guid":{"rendered":"http:\/\/epelons.com\/?page_id=395"},"modified":"2021-11-06T13:35:38","modified_gmt":"2021-11-06T12:35:38","slug":"la-boite-a-question-page-en-construction","status":"publish","type":"page","link":"https:\/\/epelons.com\/?page_id=395","title":{"rendered":"La bo\u00eete \u00e0 questions"},"content":{"rendered":"\n<h2 class=\"has-white-color has-vivid-green-cyan-background-color has-text-color has-background wp-block-heading\">Questions r\u00e9centes<\/h2>\n\n\n\n<ul class=\"wp-block-list\"><li>Les m\u00e9decines parall\u00e8les et la Bible <a href=\"https:\/\/epelons.com\/?p=1919\" target=\"_blank\" rel=\"noreferrer noopener\">https:\/\/epelons.com\/?p=1919<\/a><\/li><\/ul>\n\n\n\n<h2 class=\"has-white-color has-vivid-green-cyan-background-color has-text-color has-background wp-block-heading\">Questions abord\u00e9es pr\u00e9c\u00e9demment<\/h2>\n\n\n\n<p><\/p>\n\n\n\n<div class=\"wp-block-file\"><a href=\"https:\/\/epelonscom.files.wordpress.com\/2020\/02\/pourquoi-diffc3a9rentes-interprc3a9tations-des-textes.pdf\">Pourquoi diff\u00e9rentes interpr\u00e9tations des textes<\/a><a href=\"https:\/\/epelonscom.files.wordpress.com\/2020\/02\/pourquoi-diffc3a9rentes-interprc3a9tations-des-textes.pdf\" class=\"wp-block-file__button\" download>T\u00e9l\u00e9c<br>harger<\/a><\/div>\n\n\n\n<div class=\"wp-block-file\"><a href=\"https:\/\/epelonscom.files.wordpress.com\/2020\/02\/les-visions.pdf\">Les visions<\/a><a href=\"https:\/\/epelonscom.files.wordpress.com\/2020\/02\/les-visions.pdf\" class=\"wp-block-file__button\" download>T\u00e9l\u00e9charger<\/a><\/div>\n\n\n\n<div class=\"wp-block-file\"><a href=\"https:\/\/epelonscom.files.wordpress.com\/2020\/02\/le-christianisme-est-il-une-religion-juive.pdf\">Le christianisme est-il une religion juive<\/a><a href=\"https:\/\/epelonscom.files.wordpress.com\/2020\/02\/le-christianisme-est-il-une-religion-juive.pdf\" class=\"wp-block-file__button\" download>T\u00e9l\u00e9ch<br>arger<\/a><\/div>\n\n\n\n<div class=\"wp-block-file\"><a href=\"https:\/\/epelonscom.files.wordpress.com\/2020\/02\/la-superstition.pdf\">La superstition<\/a><a href=\"https:\/\/epelonscom.files.wordpress.com\/2020\/02\/la-superstition.pdf\" class=\"wp-block-file__button\" download>T\u00e9l\u00e9charger<\/a><\/div>\n","protected":false},"excerpt":{"rendered":"<p>Questions r\u00e9centes Les m\u00e9decines parall\u00e8les et la Bible https:\/\/epelons.com\/?p=1919 Questions abord\u00e9es pr\u00e9c\u00e9demment<\/p>\n","protected":false},"author":1,"featured_media":0,"parent":0,"menu_order":0,"comment_status":"closed","ping_status":"closed","template":"","meta":{"footnotes":""},"class_list":["post-395","page","type-page","status-publish","hentry"],"yoast_head":"<!-- This site is optimized with the Yoast SEO plugin v27.5 - https:\/\/yoast.com\/product\/yoast-seo-wordpress\/ -->\n<title>La bo\u00eete \u00e0 questions - EPE Lons-le-Saunier<\/title>\n<meta name=\"robots\" content=\"index, follow, max-snippet:-1, max-image-preview:large, max-video-preview:-1\" \/>\n<link rel=\"canonical\" href=\"https:\/\/epelons.com\/?page_id=395\" \/>\n<meta property=\"og:locale\" content=\"fr_FR\" \/>\n<meta property=\"og:type\" content=\"article\" \/>\n<meta property=\"og:title\" content=\"La bo\u00eete \u00e0 questions - EPE Lons-le-Saunier\" \/>\n<meta property=\"og:description\" content=\"Questions r\u00e9centes Les m\u00e9decines parall\u00e8les et la Bible https:\/\/epelons.com\/?p=1919 Questions abord\u00e9es pr\u00e9c\u00e9demment\" \/>\n<meta property=\"og:url\" content=\"https:\/\/epelons.com\/?page_id=395\" \/>\n<meta property=\"og:site_name\" content=\"EPE Lons-le-Saunier\" \/>\n<meta property=\"article:modified_time\" content=\"2021-11-06T12:35:38+00:00\" \/>\n<meta property=\"og:image\" content=\"https:\/\/epelons.com\/wp-content\/uploads\/2021\/11\/boiteAQuestions.jpg\" \/>\n\t<meta property=\"og:image:width\" content=\"1920\" \/>\n\t<meta property=\"og:image:height\" content=\"640\" \/>\n\t<meta property=\"og:image:type\" content=\"image\/jpeg\" \/>\n<meta name=\"twitter:card\" content=\"summary_large_image\" \/>\n<meta name=\"twitter:label1\" content=\"Dur\u00e9e de lecture estim\u00e9e\" \/>\n\t<meta name=\"twitter:data1\" content=\"1 minute\" \/>\n<script type=\"application\/ld+json\" class=\"yoast-schema-graph\">{\"@context\":\"https:\\\/\\\/schema.org\",\"@graph\":[{\"@type\":\"WebPage\",\"@id\":\"https:\\\/\\\/epelons.com\\\/?page_id=395\",\"url\":\"https:\\\/\\\/epelons.com\\\/?page_id=395\",\"name\":\"La bo\u00eete \u00e0 questions - EPE Lons-le-Saunier\",\"isPartOf\":{\"@id\":\"https:\\\/\\\/epelons.com\\\/#website\"},\"datePublished\":\"2020-02-28T17:11:21+00:00\",\"dateModified\":\"2021-11-06T12:35:38+00:00\",\"breadcrumb\":{\"@id\":\"https:\\\/\\\/epelons.com\\\/?page_id=395#breadcrumb\"},\"inLanguage\":\"fr-FR\",\"potentialAction\":[{\"@type\":\"ReadAction\",\"target\":[\"https:\\\/\\\/epelons.com\\\/?page_id=395\"]}]},{\"@type\":\"BreadcrumbList\",\"@id\":\"https:\\\/\\\/epelons.com\\\/?page_id=395#breadcrumb\",\"itemListElement\":[{\"@type\":\"ListItem\",\"position\":1,\"name\":\"Accueil\",\"item\":\"https:\\\/\\\/epelons.com\\\/\"},{\"@type\":\"ListItem\",\"position\":2,\"name\":\"La bo\u00eete \u00e0 questions\"}]},{\"@type\":\"WebSite\",\"@id\":\"https:\\\/\\\/epelons.com\\\/#website\",\"url\":\"https:\\\/\\\/epelons.com\\\/\",\"name\":\"EPE Lons-le-Saunier\",\"description\":\"Lons-le-Saunier\",\"potentialAction\":[{\"@type\":\"SearchAction\",\"target\":{\"@type\":\"EntryPoint\",\"urlTemplate\":\"https:\\\/\\\/epelons.com\\\/?s={search_term_string}\"},\"query-input\":{\"@type\":\"PropertyValueSpecification\",\"valueRequired\":true,\"valueName\":\"search_term_string\"}}],\"inLanguage\":\"fr-FR\"}]}<\/script>\n<!-- \/ Yoast SEO plugin. -->","yoast_head_json":{"title":"La bo\u00eete \u00e0 questions - EPE Lons-le-Saunier","robots":{"index":"index","follow":"follow","max-snippet":"max-snippet:-1","max-image-preview":"max-image-preview:large","max-video-preview":"max-video-preview:-1"},"canonical":"https:\/\/epelons.com\/?page_id=395","og_locale":"fr_FR","og_type":"article","og_title":"La bo\u00eete \u00e0 questions - EPE Lons-le-Saunier","og_description":"Questions r\u00e9centes Les m\u00e9decines parall\u00e8les et la Bible https:\/\/epelons.com\/?p=1919 Questions abord\u00e9es pr\u00e9c\u00e9demment","og_url":"https:\/\/epelons.com\/?page_id=395","og_site_name":"EPE Lons-le-Saunier","article_modified_time":"2021-11-06T12:35:38+00:00","og_image":[{"width":1920,"height":640,"url":"https:\/\/epelons.com\/wp-content\/uploads\/2021\/11\/boiteAQuestions.jpg","type":"image\/jpeg"}],"twitter_card":"summary_large_image","twitter_misc":{"Dur\u00e9e de lecture estim\u00e9e":"1 minute"},"schema":{"@context":"https:\/\/schema.org","@graph":[{"@type":"WebPage","@id":"https:\/\/epelons.com\/?page_id=395","url":"https:\/\/epelons.com\/?page_id=395","name":"La bo\u00eete \u00e0 questions - EPE Lons-le-Saunier","isPartOf":{"@id":"https:\/\/epelons.com\/#website"},"datePublished":"2020-02-28T17:11:21+00:00","dateModified":"2021-11-06T12:35:38+00:00","breadcrumb":{"@id":"https:\/\/epelons.com\/?page_id=395#breadcrumb"},"inLanguage":"fr-FR","potentialAction":[{"@type":"ReadAction","target":["https:\/\/epelons.com\/?page_id=395"]}]},{"@type":"BreadcrumbList","@id":"https:\/\/epelons.com\/?page_id=395#breadcrumb","itemListElement":[{"@type":"ListItem","position":1,"name":"Accueil","item":"https:\/\/epelons.com\/"},{"@type":"ListItem","position":2,"name":"La bo\u00eete \u00e0 questions"}]},{"@type":"WebSite","@id":"https:\/\/epelons.com\/#website","url":"https:\/\/epelons.com\/","name":"EPE Lons-le-Saunier","description":"Lons-le-Saunier","potentialAction":[{"@type":"SearchAction","target":{"@type":"EntryPoint","urlTemplate":"https:\/\/epelons.com\/?s={search_term_string}"},"query-input":{"@type":"PropertyValueSpecification","valueRequired":true,"valueName":"search_term_string"}}],"inLanguage":"fr-FR"}]}},"jetpack_sharing_enabled":true,"_links":{"self":[{"href":"https:\/\/epelons.com\/index.php?rest_route=\/wp\/v2\/pages\/395","targetHints":{"allow":["GET"]}}],"collection":[{"href":"https:\/\/epelons.com\/index.php?rest_route=\/wp\/v2\/pages"}],"about":[{"href":"https:\/\/epelons.com\/index.php?rest_route=\/wp\/v2\/types\/page"}],"author":[{"embeddable":true,"href":"https:\/\/epelons.com\/index.php?rest_route=\/wp\/v2\/users\/1"}],"replies":[{"embeddable":true,"href":"https:\/\/epelons.com\/index.php?rest_route=%2Fwp%2Fv2%2Fcomments&post=395"}],"version-history":[{"count":7,"href":"https:\/\/epelons.com\/index.php?rest_route=\/wp\/v2\/pages\/395\/revisions"}],"predecessor-version":[{"id":1937,"href":"https:\/\/epelons.com\/index.php?rest_route=\/wp\/v2\/pages\/395\/revisions\/1937"}],"wp:attachment":[{"href":"https:\/\/epelons.com\/index.php?rest_route=%2Fwp%2Fv2%2Fmedia&parent=395"}],"curies":[{"name":"wp","href":"https:\/\/api.w.org\/{rel}","templated":true}]}}